git of k?
3
Let n(h) = 4*h + 171. What is the hundreds digit of n(10)?
2
Suppose 5*h = -25, -2*n + 2602 - 525 = h. What is the units digit of n?
1
Let y = 25 + -25. Suppose 3*f + 0 + 21 = y. Let l(s) = -9*s - 14. What is the tens digit of l(f)?
4
Let i = 1962 - 1070. What is the tens digit of i?
9
Suppose -2*u = 9 - 11. What is the tens digit of ((-50)/35)/(u/(-14))?
2
Let d(m) = m**3 + 8*m**2 - 15*m - 6. Let b be d(-8). Suppose -4*z + 4*u + b = 6*u, 86 = 3*z + u. What is the tens digit of z?
2
Suppose 3*x = -2*x - 475. Let s = x - -156. Let q = s - 26. What is the units digit of q?
5
Let g be (3 + -4)/((-2)/12). Let d = g - 3. Suppose 4*j = -d*q + 74, q + 96 = 5*j - 6. What is the tens digit of j?
2
Let l(u) be the third derivative of -u**4/8 + 12*u**3 + 2*u**2. What is the tens digit of l(0)?
7
Suppose 7235 = 21*g + 2762. What is the tens digit of g?
1
Suppose 0 = -52*b + 36*b + 6656. What is the tens digit of b?
1
Let l(z) = 5*z**2 + 45*z - 4. Let x be l(-9). Let s(m) = -27*m. Let y be s(-2). Let n = y + x. What is the units digit of n?
0
Suppose 0 = -8*f - 3*f + 7568. Suppose -7*s + 3*s + f = 0. What is the hundreds digit of s?
1
Let z be (-20)/(-70) + (-290)/(-14). Suppose 0 = 3*c + 4*c - z. What is the units digit of c?
3
Let d(k) = 36*k**2 - 25*k + 26. What is the tens digit of d(4)?
0
Let u(y) = -3*y**2 - 13. Let z(r) = -r**2 + r - 1. Let h(o) = u(o) - 4*z(o). What is the units digit of h(-6)?
1
Let y(m) be the third derivative of m**4/8 + 2*m**2. Let t be y(1). Suppose -t*o + 0*o = -24. What is the units digit of o?
8
Suppose 0 = -0*k + k + 10. Let p = -8 - k. Let w(b) = 2*b**3 - b + 1. What is the tens digit of w(p)?
1
Let w(b) = -73*b**3 + 4*b + 3. What is the units digit of w(-2)?
9
Let o(s) be the third derivative of 1/60*s**5 + 0*s + 5/6*s**3 - 1/4*s**4 - s**2 + 0. What is the units digit of o(6)?
5
What is the hundreds digit of (-2 + 4734/(-45))*20/(-1)?
1
Let w(t) = 3*t**2 - 2*t - 1. Let h be w(-1). Suppose 0*n + 5 = -n, -h*n - 20 = -2*c. Suppose -4*f + 12 + 156 = c. What is the units digit of f?
2
Let h(r) = 7*r**2 - 4*r - 5. Let t be h(-4). Suppose -3*j = -k + 4*k - t, 4*j = -k + 44. What is the units digit of k?
0
Let p = -59 - -63. Suppose -2*d + 164 = -4*b + 412, -p*d + 164 = 3*b. What is the units digit of b?
0
Suppose -2*w = -0*i + 5*i - 20, -20 = -w - 5*i. Suppose w = m + 2*m - 15. Suppose 3*g + g - 3*s - 35 = 0, g + 4 = m*s. What is the tens digit of g?
1
Let r(f) = -284*f - 138. What is the tens digit of r(-7)?
5
Suppose -9 - 7 = 4*d. What is the tens digit of (-104)/(-3)*(-6)/d?
5
Let l(k) be the first derivative of 5*k**3/3 - k**2 + 3*k + 1. Let p(n) = 19*n + 155. Let r be p(-8). What is the units digit of l(r)?
2
Let l(n) = n**2 + 6*n - 8. Let d be l(-7). Let f be (-3 - -6) + 1/d. Suppose -3*a = -2*h - 26, -3*a - 5*h - f + 0 = 0. What is the units digit of a?
6
Let o = 35 - 5. Suppose -4*s + 450 = o. Suppose 5*x - s = -0*x. What is the units digit of x?
1
Suppose 20*s - 15*s = -20, -2*s = -5*q + 7483. What is the thousands digit of q?
1
Suppose y - z + 3*z - 115 = 0, 5*y = 2*z + 551. What is the tens digit of y?
1
Suppose 0 = 3*b - 5*s - 8692, 4*b + s - 8993 = 2558. What is the units digit of b?
9
Let p(s) = 10*s + 4. Let j(b) = 10*b + 3. Let x(f) = -5*j(f) + 4*p(f). What is the tens digit of x(-6)?
6
Let k = 73 - 55. Suppose 0 = -k*a + 23*a - 455. What is the tens digit of a?
9
Suppose 0 = -2*g - 2*y + 4, 0 = 2*g + 5*y - 10*y - 32. Suppose 2*o - g*o = -8. Suppose -4*x + 2 - 6 = 0, 2*x + 26 = o*a. What is the units digit of a?
2
Let b(n) = n - 18. Let o be b(9). What is the units digit of 9*(-3)/o + 15?
8
Suppose -9*i = -6*i - 804. What is the tens digit of i?
6
Let j = -32 - -26. Let z(u) = -3*u + 8. What is the units digit of z(j)?
6
Let g = -28 - -28. Suppose g = -5*b - 24 - 361. What is the units digit of (b/(-28))/(2/8)?
1
Let q(x) = 3*x**2 - 3*x + 1. Let n be q(6). Let s = n + -12. What is the tens digit of s?
7
Suppose 7*s - 24 = s. Suppose 0 = 5*o + 3*l - 798, 3*o - s*l - 490 = -3*l. What is the tens digit of o?
6
Let o = 2 - -5. Suppose o = -4*r + 179. Let v = r + -18. What is the units digit of v?
5
Let q(k) = -k**3 - 6*k + 23*k - 12*k - 9*k**2 - 10. Let j be q(-10). Suppose 5*r = r + j. What is the units digit of r?
0
What is the units digit of (-4084)/8*(6 - 40/5)?
1
What is the hundreds digit of (-1)/((-26)/15630) + 44/(-286)?
6
Let f be 4*((-362)/8 + 2). Let d = 291 + f. What is the tens digit of d?
1
Let s(d) = -d - 3. Let h be (-2)/(-7) - (-68)/7. Let k be s(h). What is the units digit of (12/(-6))/(2/k)?
3
Let o(s) = -7*s - 5. Let m be o(4). Let g(z) = -z**2 - 34*z - 120. Let a be g(-28). Let r = a + m. What is the tens digit of r?
1
What is the tens digit of 3/(27/(-18)) - -1567?
6
Suppose 15*s - 270 = 12*s. What is the units digit of s?
0
Let c be 446/6 + 2/(-6). Suppose -5*x + 209 = c. Suppose -p + 2 = -a, -p - 4*a + x = 10. What is the units digit of p?
5
Let i = 29 - 12. Let b be (10/(-6))/((-7)/21). Let q = i + b. What is the units digit of q?
2
Let l = 1 + 3. Suppose -4*m = 3*z - 290, -l*z + 374 = 5*m - 6*z. Suppose -5*k = 4*a - 227, -2*k + 4*a = -0*k - m. What is the units digit of k?
3
Let k(o) = 6*o**2 + 24*o + 4. Let r(q) = 7*q**2 + 25*q + 3. Let b(i) = -6*k(i) + 5*r(i). What is the units digit of b(-8)?
9
Let k = 44 + -25. Let y = 4 - 2. Let i = k - y. What is the units digit of i?
7
Let h be (-1)/(34/8 - 4). What is the units digit of 4432/144 - h/18?
1
Let r = 4300 - 2617. What is the units digit of r?
3
Let c(r) = -2*r**3 + r**2 - 4*r + 2701. What is the tens digit of c(0)?
0
Suppose k - 3 = -2*p + 16, 131 = 5*k - 2*p. Let x be 136/28 - (-1)/7. Suppose -x*q + k = -30. What is the units digit of q?
1
Suppose 385 + 687 = 2*a. What is the hundreds digit of a?
5
Let k(a) = 4*a**3 + a + 4. What is the units digit of k(4)?
4
Let r(p) = p**2 + 12*p + 15. Let i be r(-11). What is the tens digit of ((-14)/(-3) + 2)/(i/90)?
5
Let v = -3431 - -7392. What is the tens digit of v?
6
Suppose 8*v = 1953 + 2863. What is the hundreds digit of v?
6
Let t = -218 + 603. What is the hundreds digit of t?
3
What is the tens digit of (-6355)/(-20) - 2/(-8)?
1
Let h(n) = -6*n - 2. Let o be h(-7). Suppose 3*j = -p + o + 1, 3*j - p - 49 = 0. What is the tens digit of j?
1
Let f be -1*(1 + 1) - (1 + -8). Suppose p + q - 111 = 0, -f*p + 224 + 331 = -4*q. What is the hundreds digit of p?
1
Let o(f) = -313*f - 54. What is the tens digit of o(-3)?
8
Suppose -14*t - 4 = -16*t. What is the hundreds digit of 3248/24 - (t - (-5)/(-3))?
1
What is the thousands digit of ((-207)/12 - -9)/((-6)/1424)?
1
Suppose 0 = -2*m + 4*m + 26. Let i(x) = x**2 + 14*x + 17. Let c be i(m). Suppose 2*z - 3*s = 43, -c*s + 2*s - 91 = -5*z. What is the units digit of z?
7
Suppose -j - 3*w + 0 = -3, -2*j = -5*w - 17. Suppose -2*y + 10*v - j*v = 6, 3*y + v = 26. What is the units digit of y?
7
Let n(v) be the first derivative of -v**4/4 + 8*v**3/3 - 4*v**2 - 6*v - 21. What is the units digit of n(6)?
8
Let a(t) = t**2 + 10*t + 4. Let j be a(-10). Suppose j*v - v = -5*i + 9, 0 = -v + 5*i - 17. What is the units digit of (42 - 5) + (v - -6)?
1
Suppose r - 14 = -16, 9263 = 5*y - 4*r. What is the hundreds digit of y?
8
Suppose -2*a + 758 = -3*m + m, -387 = -a + 3*m. Suppose -j + 0*j - i = -90, i = 4*j - a. What is the tens digit of j?
9
Suppose -2*q = -l - 43 - 82, -316 = -5*q - l. Let j = -3 + 8. Suppose 5*x = -0*x + 3*d + q, j*d + 65 = 5*x. What is the units digit of x?
2
Suppose 5*h - 3*h - 2 = 0. Let v(r) = -r**3 - 11*r + 3 - h - 11*r**2 + 3. What is the tens digit of v(-10)?
1
Let i(q) = -337*q + 156. What is the tens digit of i(-3)?
6
Suppose -2*w - 9 = -s, -2*s + 5*w - 2 = -19. Let j = s - -4. What is the units digit of j?
5
Let p(k) = -8*k + 13. Let v(g) = -g**3 + 4*g**2 + g - 2. Let f be v(2). Suppose -7*l + f*l + 5 = 0. What is the tens digit of p(l)?
5
Let b(j) = j**2 + 5*j + 1. Let c be b(-7). Suppose -4*z = 3 - c. Suppose -z*y - 3*s = 2*y - 132, 5*y + s = 124. What is the units digit of y?
4
Suppose v - 57 = -n + 2*v, 3*n - 131 = -5*v. Suppose -4*c = -8*c + n. What is the tens digit of c?
1
What is the hundreds digit of 27/2*738/41?
2
Let o(u) = -5*u**2 + 3*u + 149. Let y(c) = 4*c**2 - 2*c - 148. Let i(p) = -2*o(p) - 3*y(p). What 